h(v) = -1766*v - 771728. Determine h(-437).
14
Let u(c) = -14*c**3 - 19*c**2 - 232*c + 251. What is u(1)?
-14
Let x(k) = -9*k**3 - 6*k**2 + 3616*k - 10830. Give x(3).
-279
Let l(d) = 3*d**3 + 52*d**2 - 84*d + 23. Give l(-16).
2391
Let r(w) = -3*w**3 + 293*w**2 + 109*w - 323. What is r(98)?
755
Let n(r) = 4001*r**2 + 45*r + 43. Give n(-1).
3999
Let b(u) = -676*u**2 - 696*u - 38. Determine b(-1).
-18
Let p(n) = 2*n**3 + 20*n**2 + 3001*n - 3022. Calculate p(1).
1
Let u(d) = -1397669*d + 53111423. Calculate u(38).
1
Let j(o) = -131387*o + 919710. What is j(7)?
1
Let p(h) = h**3 + 32*h**2 + 137*h + 345. What is p(-29)?
-1105
Let h(d) = -1414277*d - 21214162. Calculate h(-15).
-7
Let f(x) = x**3 - 22*x**2 + 2390*x - 64834. Calculate f(26).
10
Let w(c) = -3478*c + 93918. Calculate w(27).
12
Let x(o) = -o**3 - 69*o**2 + 1876*o + 8550. Calculate x(-89).
6
Let i(y) = -23*y**2 + 22891*y - 4. Determine i(0).
-4
Let g(q) = -79*q**3 + 7*q**2 + 23*q + 18. Determine g(-1).
81
Let b(w) = 493*w + 35953. Determine b(-73).
-36
Let k(t) = 2*t**3 + 68*t**2 + 514*t + 178. What is k(-23)?
-6
Let r(w) = -560*w**2 - 10637*w + 32. Determine r(-19).
-25
Let m(b) = 2*b**2 - 17*b - 61. What is m(11)?
-6
Let x(q) = 18*q**3 - 26*q**2 + 48*q + 6. Calculate x(2).
142
Let g(p) = -2*p**3 + 12*p**2 - 283*p + 1074. Determine g(4).
6
Let g(s) = 4*s**3 - 84*s**2 + 288*s - 25. Give g(4).
39
Let r(s) = -5*s**3 + 206*s**2 - 1471*s + 178. Give r(9).
-20
Let n(x) = 65*x**3 + 4912*x + 9835. What is n(-2)?
-509
Let a(k) = -78943*k - 157861. Calculate a(-2).
25
Let n(w) = -5094*w + 2720192. What is n(534)?
-4
Let o(g) = 274*g**2 - 7957*g + 85. Determine o(29).
-234
Let w(p) = 3046*p + 15238. Calculate w(-5).
8
Let k(y) = 787*y - 3451. Calculate k(5).
484
Let n(z) = 2*z**2 - 98*z + 260. Determine n(48).
164
Let k(v) = -46*v**2 + 99*v + 569. What is k(-3)?
-142
Let t(c) = -3*c**3 - 2574*c**2 + 7734*c - 14. Give t(3).
-59
Let n(a) = -2*a**2 + 64*a - 211. What is n(9)?
203
Let w(j) = -j**3 + 25*j**2 + 200*j - 122. Give w(33).
-2234
Let v(w) = 206*w - 1338. Give v(6).
-102
Let u(x) = 3*x**3 + 787*x**2 + 255*x - 1880. Calculate u(-262).
-46
Let q(t) = 194*t**3 + 11*t**2 + 126*t - 128. Give q(1).
203
Let j(v) = v**2 - 2126*v - 4272. Determine j(-2).
-16
Let i(u) = 873*u - 87001. What is i(100)?
299
Let z(r) = -9*r**2 + 3260*r + 26621. Calculate z(-8).
-35
Let j(w) = 2*w**2 + 747*w + 45811. Determine j(-78).
-287
Let h(k) = 3533*k + 434641. Calculate h(-123).
82
Let o(x) = 8*x**2 - 42671*x - 255998. Give o(-6).
316
Let h(d) = -24437*d + 171052. Calculate h(7).
-7
Let c(g) = 2*g**3 - 62*g**2 - 50*g + 389. Calculate c(29).
-4425
Let p(r) = -4*r**2 + 2787*r + 36848. Determine p(-13).
-59
Let y(n) = -n**2 + 133*n + 2181. What is y(-16)?
-203
Let c(f) = -145*f + 22873. Give c(171).
-1922
Let g(w) = -2838*w - 2023486. What is g(-713)?
8
Let a(l) = 13091*l + 52372. Give a(-4).
8
Let i(n) = -6774*n + 453868. Give i(67).
10
Let v(x) = -190*x - 20709. Determine v(-88).
-3989
Let c(g) = g**3 + 16*g**2 + 70*g + 992. Calculate c(-16).
-128
Let c(j) = -27*j**2 - 3211*j + 321. Give c(-119).
83
Let b(t) = -17795*t - 60. Give b(0).
-60
Let k(v) = 17*v**3 - 57*v**2 - 46*v + 2. What is k(4)?
-6
Let y(s) = -4055874*s - 8111745. Give y(-2).
3
Let d(k) = 3*k**3 - 9*k**2 - 72*k - 201. Give d(-3).
-147
Let y(g) = -g**2 + 16*g + 1398. Calculate y(38).
562
Let w(g) = -1345*g - 55292. Determine w(-41).
-147
Let k(n) = n**2 - 138*n + 3282. Determine k(111).
285
Let t(m) = m**3 - 18*m**2 + 131*m - 464. Determine t(0).
-464
Let w(j) = 48509*j - 533622. Calculate w(11).
-23
Let l(t) = 2*t**3 + t**2 - 609*t - 1210. Give l(-2).
-4
Let i(x) = x**3 - 255*x**2 + 499*x + 1763. Determine i(253).
-8
Let t(l) = -l**3 + 112*l**2 - 1027*l + 189. Calculate t(102).
-525
Let y(w) = -3*w**3 + 292*w**2 - 121*w + 2254. What is y(97)?
-74
Let a(q) = -102*q**2 + 72631*q - 5023. Give a(712).
-39
Let p(f) = f**3 + 171*f**2 + 7282*f - 1308. What is p(-82)?
4
Let v(k) = 2393*k - 31216. Determine v(13).
-107
Let m(k) = -3790*k**3 - 107*k - 106. Calculate m(-1).
3791
Let j(g) = 2*g**3 - 34*g**2 - 27*g + 531. Give j(20).
2391
Let g(q) = -37*q**2 - 54*q + 80. Calculate g(3).
-415
Let m(x) = -215*x + 1890. Give m(8).
170
Let v(n) = 1542*n + 10975. Determine v(-7).
181
Let u(o) = -o**2 - 36*o + 1549. Give u(-82).
-2223
Let q(r) = -4*r**2 - 57992*r - 289909. Determine q(-5).
-49
Let f(a) = 151*a - 8336. Give f(55).
-31
Let h(v) = 183*v - 8135. Determine h(43).
-266
Let i(j) = -468*j + 2383. What is i(7)?
-893
Let b(v) = -212*v**2 + 876*v - 18. What is b(4)?
94
Let n(u) = u**3 - 83*u**2 + 9*u - 597. Calculate n(83).
150
Let z(p) = 2036*p + 25481. Give z(-13).
-987
Let b(j) = 2*j**2 + 394*j + 6988. What is b(-177)?
-92
Let q(b) = 124968*b - 124963. Determine q(1).
5
Let u(q) = q**3 - 20*q**2 - 2018*q + 126. Determine u(56).
14
Let u(y) = -y**3 + 9*y**2 - 44*y + 975. What is u(13)?
-273
Let y(n) = 2*n**2 - 48*n - 125. Calculate y(-5).
165
Let i(n) = 37*n**3 - 189*n**2 + 11*n + 17. Give i(5).
-28
Let o(n) = 13*n**3 - 143*n**2 - 201*n + 2134. Give o(11).
-77
Let p(d) = 354*d - 126004. Give p(358).
728
Let o(g) = -4*g**3 + 187*g**2 - 1691*g + 71441. What is o(46)?
3
Let z(f) = -f**3 - 2*f**2 - 410*f - 3348. Give z(-7).
-233
Let x(c) = 414*c + 17082. Calculate x(-46).
-1962
Let m(w) = -w**2 - 236*w - 7366. What is m(-199)?
-3
Let p(m) = m**3 - 58*m**2 + 205*m + 96. Give p(54).
-498
Let t(h) = h**2 + 147*h + 2517. What is t(-21)?
-129
Let z(l) = -2718999*l - 19032992. Calculate z(-7).
1
Let t(x) = 996*x**2 - 19917*x - 78. What is t(20)?
-18
Let o(d) = 524*d + 89623. Give o(-171).
19
Let c(u) = u**3 + 121*u**2 + 2662*u - 580. Give c(-92).
-28
Let j(y) = -y**3 + 68*y**2 - 645*y + 20762. Give j(63).
-28
Let l(w) = 4*w**3 - 25*w**2 - 812*w + 4915. Determine l(6).
7
Let h(v) = -v**3 - 5*v**2 + 895*v + 9118. Determine h(-11).
-1
Let t(r) = 367256*r - 17995568. What is t(49)?
-24
Let j(n) = -7*n**3 - 25*n**2 + 78*n + 230. Determine j(-2).
30
Let b(v) = -5099*v - 112222. Give b(-22).
-44
Let i(n) = -n**3 + 118*n**2 + 2605*n - 492. Calculate i(137).
-218
Let y(l) = -98*l**2 - 206*l - 49. Calculate y(-2).
-29
Let c(h) = -3*h**3 + 184*h**2 + 8606*h + 585. Calculate c(-31).
-4
Let b(n) = 29*n**2 - 308*n + 462. Calculate b(8).
-146
Let z(r) = 301*r + 39783. Calculate z(-130).
653
Let f(q) = -14252*q - 185045. Determine f(-13).
231
Let q(y) = -y**3 + 259*y**2 + 269*y - 2265. Give q(260).
75
Let f(u) = -u**2 + 1971*u - 555843. Determine f(341).
-13
Let q(t) = t**2 - 5*t + 325. Give q(59).
3511
Let j(l) = 1069*l - 72789. Determine j(68).
-97
Let t(c) = -398994*c - 1595941. What is t(-4)?
35
Let q(v) = 605*v - 15908. Determine q(26).
-178
Let a(y) = 254*y - 3366. Determine a(-4).
-4382
Let z(t) = -10*t**3 + 44*t**2 + 249*t - 1274. What is z(5)?
-179
Let c(f) = 94*f**3 + 19*f**2 + 103*f - 271. Determine c(2).
763
Let w(o) = 10*o**3 - o**2 - 52*o + 164. Calculate w(7).
3181
Let w(x) = 5024659*x + 40197281. Give w(-8).
9
Let z(i) = i**3 - 11*i**2 + 1068*i - 7265. Calculate z(7).
15
Let p(b) = 7*b**2 + 1703*b - 1564. What is p(-244)?
-344
Let u(w) = w**2 - 145013*w - 4786526. Determine u(-33).
-8
Let t(n) = -5*n**3 - 24*n**2 + 424*n + 2334. Calculate t(-6).
6
Let a(f) = -f**3 + 2*f**2 + 4420*f - 8832. Determine a(2).
8
Let m(i) = 2*i**3 + 192*i**2 + 293*i - 7779. Determine m(-94).
23
Let d(f) = -f**2 + 20862*f + 125231. Give d(-6).
23
Let h(y) = 2*y**2 + 1355*y + 348. What is h(0)?
348
Let v(i) = -681*i - 18398. Determine v(-27).
-11
Let h(w) = -1292*w**2 + 10563*w + 49. What is h(8)?
1865
Let x(o) = -2*o**3 + 2392*o**2 - 56264*o + 9240. Determine x(1172).
-136
Let j(u) = 23*u**2 + 761*u + 4246. Calculate j(-26).
8
Let l(p) = -18*p - 639. Give l(104).
-2511
Let j(z) = -z**2 - 32*z + 305. What is j(12)?
-223
Let c(i) = -148*i - 10238. What is c(-64)?
-766
Let d(i) = 900*i + 10242. What is d(-12)?
-558
Let n(c) = 25*c**2 - 5971*c + 77844. Give n(225).
-6
Let v(t) = t**3 - 22*t**2 + 112*t - 45. What is v(8)?
-45
Let b(a) = 3*a**3 + 171*a**2 - 35*a - 2032. Give b(-57).
-37
Let b(i) = -2*i**2 + 265*i - 8424. Give b(68).
348
Let a(o) = 1496*o + 14474. Give a(-10).
-486
Let t(c) = c**3 + 123*c**2 + 2904*c - 717. Calculate t(-91).
11
Let k(t) = 2659*t + 135656. Calculate k(-51).
47
Let c(w